{"id":63117,"date":"2023-05-30T15:10:49","date_gmt":"2023-05-30T18:10:49","guid":{"rendered":"https:\/\/www.bitbaru.com\/site\/?page_id=63117"},"modified":"2024-02-28T08:10:17","modified_gmt":"2024-02-28T11:10:17","slug":"conector-dgm-motorola","status":"publish","type":"page","link":"https:\/\/www.bitbaru.com\/site\/conector-dgm-motorola\/","title":{"rendered":"Conector DGM Motorola 26 pinos"},"content":{"rendered":"<p><img loading=\"lazy\" decoding=\"async\" class=\"alignnone size-full wp-image-63119\" src=\"https:\/\/www.bitbaru.com\/site\/wp-content\/uploads\/2023\/05\/dgm-2.jpg\" alt=\"\" width=\"493\" height=\"376\" srcset=\"https:\/\/www.bitbaru.com\/site\/wp-content\/uploads\/2023\/05\/dgm-2.jpg 493w, https:\/\/www.bitbaru.com\/site\/wp-content\/uploads\/2023\/05\/dgm-2-300x229.jpg 300w\" sizes=\"auto, (max-width: 493px) 100vw, 493px\" \/><\/p>\n<p>Chegou o que voc\u00ea precisava para montar sua repetidora ou montar acess\u00f3rios com acabamento profissional.<\/p>\n<p>Compat\u00edvel com r\u00e1dios da linha digital DGM Motorola<\/p>\n<p>Para seus equipamentos, acess\u00f3rios ou para montar repetidora, as placas acess\u00f3rio para r\u00e1dios DGM Motorola s\u00e3o a melhor op\u00e7\u00e3o para fazer o que voc\u00ea precisa com \u00f3timo acabamento e profissionalismo.<\/p>\n<p>Produ\u00e7\u00e3o industrial e disponibilidade desde uma unidade a um lote.<\/p>\n<p><a href=\"https:\/\/www.bitbaru.com\/site\/wp-content\/uploads\/2023\/05\/dgm-5.jpg\"><img loading=\"lazy\" decoding=\"async\" class=\"alignleft size-thumbnail wp-image-63122\" src=\"https:\/\/www.bitbaru.com\/site\/wp-content\/uploads\/2023\/05\/dgm-5-150x150.jpg\" alt=\"\" width=\"150\" height=\"150\" \/><\/a> <a href=\"https:\/\/www.bitbaru.com\/site\/wp-content\/uploads\/2023\/05\/dgm-4.jpg\"><img loading=\"lazy\" decoding=\"async\" class=\"alignleft size-thumbnail wp-image-63121\" src=\"https:\/\/www.bitbaru.com\/site\/wp-content\/uploads\/2023\/05\/dgm-4-150x150.jpg\" alt=\"\" width=\"150\" height=\"150\" \/><\/a> <a href=\"https:\/\/www.bitbaru.com\/site\/wp-content\/uploads\/2023\/05\/dgm-3.jpg\"><img loading=\"lazy\" decoding=\"async\" class=\"alignleft size-thumbnail wp-image-63120\" src=\"https:\/\/www.bitbaru.com\/site\/wp-content\/uploads\/2023\/05\/dgm-3-150x150.jpg\" alt=\"\" width=\"150\" height=\"150\" \/><\/a> <a href=\"https:\/\/www.bitbaru.com\/site\/wp-content\/uploads\/2023\/05\/dgm-2.jpg\"><img loading=\"lazy\" decoding=\"async\" class=\"alignleft size-thumbnail wp-image-63119\" src=\"https:\/\/www.bitbaru.com\/site\/wp-content\/uploads\/2023\/05\/dgm-2-150x150.jpg\" alt=\"\" width=\"150\" height=\"150\" \/><\/a> <a href=\"https:\/\/www.bitbaru.com\/site\/wp-content\/uploads\/2023\/05\/dgm-1.jpg\"><img loading=\"lazy\" decoding=\"async\" class=\"alignleft size-thumbnail wp-image-63118\" src=\"https:\/\/www.bitbaru.com\/site\/wp-content\/uploads\/2023\/05\/dgm-1-150x150.jpg\" alt=\"\" width=\"150\" height=\"150\" \/><\/a><\/p>\n","protected":false},"excerpt":{"rendered":"<p>Chegou o que voc\u00ea precisava para montar sua repetidora ou montar acess\u00f3rios com acabamento profissional. Compat\u00edvel com r\u00e1dios da linha digital DGM Motorola Para seus equipamentos, acess\u00f3rios ou para montar repetidora, as placas acess\u00f3rio para r\u00e1dios DGM Motorola s\u00e3o a melhor op\u00e7\u00e3o para fazer o que voc\u00ea precisa com \u00f3timo acabamento e profissionalismo. Produ\u00e7\u00e3o industrial [&hellip;]<\/p>\n","protected":false},"author":1,"featured_media":63119,"parent":0,"menu_order":0,"comment_status":"closed","ping_status":"closed","template":"","meta":{"site-sidebar-layout":"right-sidebar","site-content-layout":"default","ast-site-content-layout":"default","site-content-style":"default","site-sidebar-style":"default","ast-global-header-display":"","ast-banner-title-visibility":"","ast-main-header-display":"","ast-hfb-above-header-display":"","ast-hfb-below-header-display":"","ast-hfb-mobile-header-display":"","site-post-title":"","ast-breadcrumbs-content":"","ast-featured-img":"","footer-sml-layout":"","ast-disable-related-posts":"","theme-transparent-header-meta":"default","adv-header-id-meta":"","stick-header-meta":"","header-above-stick-meta":"","header-main-stick-meta":"","header-below-stick-meta":"","astra-migrate-meta-layouts":"set","ast-page-background-enabled":"default","ast-page-background-meta":{"desktop":{"background-color":"","background-image":"","background-repeat":"repeat","background-position":"center center","background-size":"auto","background-attachment":"scroll","background-type":"","background-media":"","overlay-type":"","overlay-color":"","overlay-opacity":"","overlay-gradient":""},"tablet":{"background-color":"","background-image":"","background-repeat":"repeat","background-position":"center center","background-size":"auto","background-attachment":"scroll","background-type":"","background-media":"","overlay-type":"","overlay-color":"","overlay-opacity":"","overlay-gradient":""},"mobile":{"background-color":"","background-image":"","background-repeat":"repeat","background-position":"center center","background-size":"auto","background-attachment":"scroll","background-type":"","background-media":"","overlay-type":"","overlay-color":"","overlay-opacity":"","overlay-gradient":""}},"ast-content-background-meta":{"desktop":{"background-color":"var(--ast-global-color-5)","background-image":"","background-repeat":"repeat","background-position":"center center","background-size":"auto","background-attachment":"scroll","background-type":"","background-media":"","overlay-type":"","overlay-color":"","overlay-opacity":"","overlay-gradient":""},"tablet":{"background-color":"var(--ast-global-color-5)","background-image":"","background-repeat":"repeat","background-position":"center center","background-size":"auto","background-attachment":"scroll","background-type":"","background-media":"","overlay-type":"","overlay-color":"","overlay-opacity":"","overlay-gradient":""},"mobile":{"background-color":"var(--ast-global-color-5)","background-image":"","background-repeat":"repeat","background-position":"center center","background-size":"auto","background-attachment":"scroll","background-type":"","background-media":"","overlay-type":"","overlay-color":"","overlay-opacity":"","overlay-gradient":""}},"footnotes":""},"class_list":["post-63117","page","type-page","status-publish","has-post-thumbnail","hentry"],"_links":{"self":[{"href":"https:\/\/www.bitbaru.com\/site\/wp-json\/wp\/v2\/pages\/63117","targetHints":{"allow":["GET"]}}],"collection":[{"href":"https:\/\/www.bitbaru.com\/site\/wp-json\/wp\/v2\/pages"}],"about":[{"href":"https:\/\/www.bitbaru.com\/site\/wp-json\/wp\/v2\/types\/page"}],"author":[{"embeddable":true,"href":"https:\/\/www.bitbaru.com\/site\/wp-json\/wp\/v2\/users\/1"}],"replies":[{"embeddable":true,"href":"https:\/\/www.bitbaru.com\/site\/wp-json\/wp\/v2\/comments?post=63117"}],"version-history":[{"count":0,"href":"https:\/\/www.bitbaru.com\/site\/wp-json\/wp\/v2\/pages\/63117\/revisions"}],"wp:featuredmedia":[{"embeddable":true,"href":"https:\/\/www.bitbaru.com\/site\/wp-json\/wp\/v2\/media\/63119"}],"wp:attachment":[{"href":"https:\/\/www.bitbaru.com\/site\/wp-json\/wp\/v2\/media?parent=63117"}],"curies":[{"name":"wp","href":"https:\/\/api.w.org\/{rel}","templated":true}]}}