{"id":30853,"date":"2020-09-24T09:38:49","date_gmt":"2020-09-24T12:38:49","guid":{"rendered":"https:\/\/www.bitbaru.com\/site\/?page_id=30853"},"modified":"2025-09-23T11:32:18","modified_gmt":"2025-09-23T14:32:18","slug":"rib-programador-motorola-cabo-usb-icom-kenwood-vertex-yaesu","status":"publish","type":"page","link":"https:\/\/www.bitbaru.com\/site\/rib-programador-motorola-cabo-usb-icom-kenwood-vertex-yaesu\/","title":{"rendered":"RIB Cabo Programa\u00e7\u00e3o Motorola Icom Vertex Kenwood Yaesu Tait USB"},"content":{"rendered":"<p><img loading=\"lazy\" decoding=\"async\" class=\"alignnone size-full wp-image-63221\" src=\"https:\/\/www.bitbaru.com\/site\/wp-content\/uploads\/2022\/03\/rib-programacao-cabo-programador-kenwood-vertex-kenwood-icom-motorola-yaesu-baofeng-qty-pofung-tyt-hytera.png\" alt=\"Rib de Programa\u00e7\u00e3o BITBARU.COM\" width=\"1000\" height=\"439\" srcset=\"https:\/\/www.bitbaru.com\/site\/wp-content\/uploads\/2022\/03\/rib-programacao-cabo-programador-kenwood-vertex-kenwood-icom-motorola-yaesu-baofeng-qty-pofung-tyt-hytera.png 1000w, https:\/\/www.bitbaru.com\/site\/wp-content\/uploads\/2022\/03\/rib-programacao-cabo-programador-kenwood-vertex-kenwood-icom-motorola-yaesu-baofeng-qty-pofung-tyt-hytera-300x132.png 300w, https:\/\/www.bitbaru.com\/site\/wp-content\/uploads\/2022\/03\/rib-programacao-cabo-programador-kenwood-vertex-kenwood-icom-motorola-yaesu-baofeng-qty-pofung-tyt-hytera-768x337.png 768w\" sizes=\"auto, (max-width: 1000px) 100vw, 1000px\" \/><\/p>\n<p><span style=\"color: #008000;\"><strong>PRODUTO PRONTA ENTREGA \u00c2MBITO NACIONAL<\/strong><\/span><\/p>\n<p>Aten\u00e7\u00e3o: A RIB n\u00e3o \u00e9 universal. \u00c9 uma RIB para cada Marca\/Linha citada abaixo. Fabricada com Chipsets de alta durabilidade, materiais com qualidade e acabamento 3M. N\u00e3o fornecemos os softwares de programa\u00e7\u00e3o para os equipamentos, por\u00e9m nossa equipe poder\u00e1 auxili\u00e1-lo na obten\u00e7\u00e3o dos softwares.<\/p>\n<p><strong><span style=\"color: #ff0000;\">Motorola RJ45:<\/span> <\/strong>GM300, M120, M130, EM200, EM400, MAXTRAC, PRO5100, PRO3100<\/p>\n<p><span style=\"color: #ff0000;\"><strong>Motorola HT:<\/strong><\/span> EP450<\/p>\n<p><strong><span style=\"color: #ff0000;\">Kenwood (KPG-46 &#8211; RJ45):<\/span> <\/strong>NX-5700, NX-5800, NX-5900, NX-700, NX-800, NX-900, NXR-710, KPG4, TK-630, TM-271A, TM471A, TM-261A, TM-461A, TK-705, TK-705D, TK-706, TK-708, TK-709, TK-730, TK-740, TK-750, TK-752, TK-759, TK-780G, TK-785, TK-762, TK-762G, TK-763, TK-763G TK-768, TK-768G TK-805, TK-805D, TK-808, TK-809, TK-830, TK-840, TK-850, TK-852, TK-859, TK-862, TK-862G, TK-863, TK-863G, TK-868, TK-868G, TK-880, TK-880G, TK-885 TK-930, TK-940, TK-941, TK-980, TK-981, TK-5720 TK-931HD, TK-5820, TK-6110K, TK-6110K2 TK-7100, TK-7102, TK-7108, TK-7150, TK-7160, TK-7180, TK-7162, TK-7189, TK-7302, TK7360 TK-8100, TK-8150, TK-8160, TK-8180, TK-8189, TK-8102, TK-8108, TK-8162, TK-8302, TK-8360,TKR-730, TKR-740, TKR-750, TK-760, TKR-751, TK-760G, TK-780, TKR-830, TKR-840, TKR-850, TKR-851, TK860, TK-860G<\/p>\n<p><strong><span style=\"color: #ff0000;\">Kenwood (KPG-4 &#8211; RJ12)<\/span>: <\/strong>TK-762, TK-762G, TK-768, TK-768G, TK-780, TK-780G, TK-785, TK-805, TK-805D, TK-806, TK-806D, TK-809, TK-815, TK-830, TK-840, TK-840UF, TK-841, TK-850, TK-852, TK-859, TK-860, TK-860G, TK-860H, TK-862, TK-862G, TK-863, TK-863G, TK-868, TK-868G, TK-880, TK-880G, TK-885, TK-7102, TK-7108, TK-7180, TK-8102, TK-8108, TK-8150, TK-8160, TK-8180, TKR-740, TKR-750, TKR-830, TKR-850, TM-261A, TM-271A, TM-461A, TM-471A.<\/p>\n<p><strong><span style=\"color: #ff0000;\">Icom (OPC-1122)<\/span><\/strong>: IC-F110, IC-F110N, IC-F110S, IC-F111, IC-F120, IC-F121, IC-F221, IC-F121s, IC-F221s, IC-F521, IC-F621, IC-F210, IC-F210s, IC-F211, IC-F220, IC-F211s, IC-F220s, IC-F500, IC-F510, IC-F511, IC-F520, IC-F521, IC-F611, IC-F620, IC-F620TR , IC-F621TR, IC-F1710, IC-F2710, IC-F1810, IC-F1810, IC-F1721, IC-F1721D, IC-F1821, IC-F1821D, IC-F2721, IC-F2721D, IC-F2821, IC-F2821D, IC-F5011, IC-F6011, IC-F5021, IC-F6021, IC-F5061, IC-F6061, IC-F5121D, IC-F6121D, IC-F510, IC-F610, IC-F5023, IC-F6023, IC-F5063, IC-F6063, IC-F9511, IC-F9521, IC-F9523, IC-440, IC-400pro, IC-FR5000, IC-FR6000, IC-F5010, IC-F5021, IC-F5063, IC-F5123D<\/p>\n<p><span style=\"color: #ff0000;\"><strong>Icom (OPC-592)<\/strong><\/span>: IC-F310, IC-F310S, IC-F410, IC-F410S, IC-F1010, IC-F1020, IC-F1610, IC-F320, IC-F320S, IC-F420, IC-F420S, IC-F2010, IC-F2020, IC-F2610, IC-A110, IC-A110EURO, IC-A200, IC-FR3000, IC-FR3100, IC-FR4000, IC-FR4100, IC-F210S, IC-F2020, IC-F211, IC-F220 e etc<\/p>\n<p><strong><span style=\"color: #ff0000;\">Icom (OPC-478)<\/span><\/strong>: HT&#8217;s em Geral, IC-207H, IC-208H, IC-2100H, IC-2800, IC-F3001, IC-F3021, IC-F3023, IC-F3011, F3022, IC-F3, IC-F4, IC-F11, IC-F14, IC-F21, IC-F24, IC-F26, IC-F16, IC-F33, IC-F34, IC-F41, IC-F43, IC-V82, IC-U82, IC-F4029SDR, IC-F3026S, IC-F4026S, IC-F3026T, IC-F4026T, IC-V82, IC-U82, IC-F3001, IC-F4001, IC-F3101, IC-F4101, IC-F3002, IC-F4002, IC-F3102, IC-F4102, IC-F3003, IC-F4003, IC-F3103, IC-F4103, IC-F3013, IC-F4013, IC-F3023, IC-F4023, IC-F3022, IC-F4022, IC-F3122, IC-F4122, IC-F3161, IC-F4161, IC-F3011, IC-F4011, IC-F4021, IC-F7000ID-880H, IC-Q7A, IC-207H, IC-2100H, IC-2200H, IC-2720H, IC-2725E, IC-2800H, IC-2820H, IC-V8000, IC-V80, IC-V80E, IC-V82, IC-U82IC-V8, IC-V8000, IC-V85, IC-U85, IC-T70A, IC-T70E, IC-80AD, IC-E80D, IC-91A, IC-91AD, IC-E90, IC-E92D, IC-92AD, IC-R5, IC-R6, IC-RX7, IC-R10, IC-GM1600, IC-M23, IC-M24, IC-M34, IC-M35, IC-M72, IC-T7H, IC-T2H, IC-T81A, IC-T81E, IC-W32A, IC-T90A, IC-T90E, IC-A14, IC-A14SIC-A25N, IC-A25NE, IC-A25C<\/p>\n<p><span style=\"color: #ff0000;\"><strong>Vertex:<\/strong><\/span> VX-2100, VX-2200, VX-3100, VX-3200<\/p>\n<p><strong><span style=\"color: #ff0000;\">Tait USB:<\/span><\/strong> TB8100, TB8200, TB9100, TM8105, TM8107, TM8110, TM8115, TM8124, TM8235, TM8250, TM8252, TM8254, TM8255, TM8260, TM9134, TM9135, TM9154, TM9155, TM9235, TM9355, TM9455, TP8110, TP8115, TP8120, TP8135, TP8130<\/p>\n<p><span style=\"color: #ff0000;\"><strong>Hytera RJ45:<\/strong><\/span> TM-600, TM-610, TM-800, TM-800M, TR-800, TM-800K, TM-628H<\/p>\n<p><span style=\"color: #ff0000;\"><strong>QTY M\u00f3vel:<\/strong>\u00a0<\/span>KT-8900R, KT-8900D, KT-7900, KT-UV980, UV-2501, UV-5001, Juentai JT-6188<\/p>\n<p><span style=\"color: #008000;\"><strong>PRODUTO NACIONAL: FRETE GR\u00c1TIS PARA QUALQUER LUGAR DO BRASIL<\/strong><\/span><\/p>\n<p>Para outros modelos n\u00e3o citados, contate-nos!<\/p>\n","protected":false},"excerpt":{"rendered":"<p>PRODUTO PRONTA ENTREGA \u00c2MBITO NACIONAL Aten\u00e7\u00e3o: A RIB n\u00e3o \u00e9 universal. \u00c9 uma RIB para cada Marca\/Linha citada abaixo. Fabricada com Chipsets de alta durabilidade, materiais com qualidade e acabamento 3M. N\u00e3o fornecemos os softwares de programa\u00e7\u00e3o para os equipamentos, por\u00e9m nossa equipe poder\u00e1 auxili\u00e1-lo na obten\u00e7\u00e3o dos softwares. Motorola RJ45: GM300, M120, M130, EM200, [&hellip;]<\/p>\n","protected":false},"author":1,"featured_media":30854,"parent":0,"menu_order":0,"comment_status":"closed","ping_status":"closed","template":"","meta":{"site-sidebar-layout":"right-sidebar","site-content-layout":"default","ast-site-content-layout":"default","site-content-style":"default","site-sidebar-style":"default","ast-global-header-display":"","ast-banner-title-visibility":"","ast-main-header-display":"","ast-hfb-above-header-display":"","ast-hfb-below-header-display":"","ast-hfb-mobile-header-display":"","site-post-title":"","ast-breadcrumbs-content":"","ast-featured-img":"","footer-sml-layout":"","ast-disable-related-posts":"","theme-transparent-header-meta":"default","adv-header-id-meta":"","stick-header-meta":"","header-above-stick-meta":"","header-main-stick-meta":"","header-below-stick-meta":"","astra-migrate-meta-layouts":"set","ast-page-background-enabled":"default","ast-page-background-meta":{"desktop":{"background-color":"","background-image":"","background-repeat":"repeat","background-position":"center center","background-size":"auto","background-attachment":"scroll","background-type":"","background-media":"","overlay-type":"","overlay-color":"","overlay-opacity":"","overlay-gradient":""},"tablet":{"background-color":"","background-image":"","background-repeat":"repeat","background-position":"center center","background-size":"auto","background-attachment":"scroll","background-type":"","background-media":"","overlay-type":"","overlay-color":"","overlay-opacity":"","overlay-gradient":""},"mobile":{"background-color":"","background-image":"","background-repeat":"repeat","background-position":"center center","background-size":"auto","background-attachment":"scroll","background-type":"","background-media":"","overlay-type":"","overlay-color":"","overlay-opacity":"","overlay-gradient":""}},"ast-content-background-meta":{"desktop":{"background-color":"var(--ast-global-color-5)","background-image":"","background-repeat":"repeat","background-position":"center center","background-size":"auto","background-attachment":"scroll","background-type":"","background-media":"","overlay-type":"","overlay-color":"","overlay-opacity":"","overlay-gradient":""},"tablet":{"background-color":"var(--ast-global-color-5)","background-image":"","background-repeat":"repeat","background-position":"center center","background-size":"auto","background-attachment":"scroll","background-type":"","background-media":"","overlay-type":"","overlay-color":"","overlay-opacity":"","overlay-gradient":""},"mobile":{"background-color":"var(--ast-global-color-5)","background-image":"","background-repeat":"repeat","background-position":"center center","background-size":"auto","background-attachment":"scroll","background-type":"","background-media":"","overlay-type":"","overlay-color":"","overlay-opacity":"","overlay-gradient":""}},"footnotes":""},"class_list":["post-30853","page","type-page","status-publish","has-post-thumbnail","hentry"],"_links":{"self":[{"href":"https:\/\/www.bitbaru.com\/site\/wp-json\/wp\/v2\/pages\/30853","targetHints":{"allow":["GET"]}}],"collection":[{"href":"https:\/\/www.bitbaru.com\/site\/wp-json\/wp\/v2\/pages"}],"about":[{"href":"https:\/\/www.bitbaru.com\/site\/wp-json\/wp\/v2\/types\/page"}],"author":[{"embeddable":true,"href":"https:\/\/www.bitbaru.com\/site\/wp-json\/wp\/v2\/users\/1"}],"replies":[{"embeddable":true,"href":"https:\/\/www.bitbaru.com\/site\/wp-json\/wp\/v2\/comments?post=30853"}],"version-history":[{"count":0,"href":"https:\/\/www.bitbaru.com\/site\/wp-json\/wp\/v2\/pages\/30853\/revisions"}],"wp:featuredmedia":[{"embeddable":true,"href":"https:\/\/www.bitbaru.com\/site\/wp-json\/wp\/v2\/media\/30854"}],"wp:attachment":[{"href":"https:\/\/www.bitbaru.com\/site\/wp-json\/wp\/v2\/media?parent=30853"}],"curies":[{"name":"wp","href":"https:\/\/api.w.org\/{rel}","templated":true}]}}