{"id":30193,"date":"2020-09-15T11:55:24","date_gmt":"2020-09-15T14:55:24","guid":{"rendered":"https:\/\/www.bitbaru.com\/site\/?page_id=30193"},"modified":"2025-12-28T08:54:47","modified_gmt":"2025-12-28T11:54:47","slug":"cabo-repetidora-link-duplex-dois-sentidos-motorola","status":"publish","type":"page","link":"https:\/\/www.bitbaru.com\/site\/cabo-repetidora-link-duplex-dois-sentidos-motorola\/","title":{"rendered":"Cabo Repetidora Link Duplex Dois sentidos Motorola"},"content":{"rendered":"<p>Cabo para montagem de repetidoras ANAL\u00d3GICAS na modalidade <em>BACK TO BACK<\/em> por meio da conex\u00e3o de acess\u00f3rios dos r\u00e1dios da linha Motorola.<\/p>\n<p>Excelente para voc\u00ea que procura uma solu\u00e7\u00e3o de baixo custo para montagem de repetidores Motorola.<\/p>\n<p>Compat\u00edvel e testado com os seguintes modelos: GM300, M120, M130, SM50, EM200, EM400, PRO5100, PRO3100, linha DEM e S\u00c9RIE CDM.<\/p>\n<p>Dispensa necessidade de placa controladora, por\u00e9m n\u00e3o oferece recursos de conveni\u00eancia como Bip de cortesia, rabicho e etc.<\/p>\n<p>&nbsp;<\/p>\n<p>Deve ser feita a configura\u00e7\u00e3o dos pinos do conector traseiro de acess\u00f3rios:<\/p>\n<p>Pino 3 \u2013 PTT Microfone Externo \u2013 LOW (baixo)<\/p>\n<p>Pino 8 \u2013 PL\/CSQ DETECT \u2013 LOW (baixo)<\/p>\n<p>&nbsp;<\/p>\n<p>&nbsp;<\/p>\n<p><img loading=\"lazy\" decoding=\"async\" class=\"alignnone size-full wp-image-63147\" src=\"https:\/\/www.bitbaru.com\/site\/wp-content\/uploads\/2023\/08\/cabo-repetidora-motorola-GM300-M120-M130-SM50-EM200-EM400-PRO5100-PRO3100-SERIE-CDM-DEM200-DEM300-DEM400.jpg\" alt=\"\" width=\"660\" height=\"440\" srcset=\"https:\/\/www.bitbaru.com\/site\/wp-content\/uploads\/2023\/08\/cabo-repetidora-motorola-GM300-M120-M130-SM50-EM200-EM400-PRO5100-PRO3100-SERIE-CDM-DEM200-DEM300-DEM400.jpg 660w, https:\/\/www.bitbaru.com\/site\/wp-content\/uploads\/2023\/08\/cabo-repetidora-motorola-GM300-M120-M130-SM50-EM200-EM400-PRO5100-PRO3100-SERIE-CDM-DEM200-DEM300-DEM400-300x200.jpg 300w\" sizes=\"auto, (max-width: 660px) 100vw, 660px\" \/><\/p>\n<p><img loading=\"lazy\" decoding=\"async\" class=\"alignnone size-full wp-image-63146\" src=\"https:\/\/www.bitbaru.com\/site\/wp-content\/uploads\/2023\/08\/cabo-crossband-cross-band-link-repetidora-motorola-GM300-M120-M130-SM50-EM200-EM400-PRO5100-PRO3100-SERIE-CDM-DEM200-DEM300-DEM400.jpg\" alt=\"\" width=\"660\" height=\"440\" srcset=\"https:\/\/www.bitbaru.com\/site\/wp-content\/uploads\/2023\/08\/cabo-crossband-cross-band-link-repetidora-motorola-GM300-M120-M130-SM50-EM200-EM400-PRO5100-PRO3100-SERIE-CDM-DEM200-DEM300-DEM400.jpg 660w, https:\/\/www.bitbaru.com\/site\/wp-content\/uploads\/2023\/08\/cabo-crossband-cross-band-link-repetidora-motorola-GM300-M120-M130-SM50-EM200-EM400-PRO5100-PRO3100-SERIE-CDM-DEM200-DEM300-DEM400-300x200.jpg 300w\" sizes=\"auto, (max-width: 660px) 100vw, 660px\" \/><\/p>\n","protected":false},"excerpt":{"rendered":"<p>Cabo para montagem de repetidoras ANAL\u00d3GICAS na modalidade BACK TO BACK por meio da conex\u00e3o de acess\u00f3rios dos r\u00e1dios da linha Motorola. Excelente para voc\u00ea que procura uma solu\u00e7\u00e3o de baixo custo para montagem de repetidores Motorola. Compat\u00edvel e testado com os seguintes modelos: GM300, M120, M130, SM50, EM200, EM400, PRO5100, PRO3100, linha DEM e [&hellip;]<\/p>\n","protected":false},"author":1,"featured_media":30198,"parent":0,"menu_order":0,"comment_status":"closed","ping_status":"closed","template":"","meta":{"site-sidebar-layout":"right-sidebar","site-content-layout":"default","ast-site-content-layout":"default","site-content-style":"default","site-sidebar-style":"default","ast-global-header-display":"","ast-banner-title-visibility":"","ast-main-header-display":"","ast-hfb-above-header-display":"","ast-hfb-below-header-display":"","ast-hfb-mobile-header-display":"","site-post-title":"disabled","ast-breadcrumbs-content":"","ast-featured-img":"","footer-sml-layout":"","ast-disable-related-posts":"","theme-transparent-header-meta":"default","adv-header-id-meta":"","stick-header-meta":"","header-above-stick-meta":"","header-main-stick-meta":"","header-below-stick-meta":"","astra-migrate-meta-layouts":"set","ast-page-background-enabled":"default","ast-page-background-meta":{"desktop":{"background-color":"","background-image":"","background-repeat":"repeat","background-position":"center center","background-size":"auto","background-attachment":"scroll","background-type":"","background-media":"","overlay-type":"","overlay-color":"","overlay-opacity":"","overlay-gradient":""},"tablet":{"background-color":"","background-image":"","background-repeat":"repeat","background-position":"center center","background-size":"auto","background-attachment":"scroll","background-type":"","background-media":"","overlay-type":"","overlay-color":"","overlay-opacity":"","overlay-gradient":""},"mobile":{"background-color":"","background-image":"","background-repeat":"repeat","background-position":"center center","background-size":"auto","background-attachment":"scroll","background-type":"","background-media":"","overlay-type":"","overlay-color":"","overlay-opacity":"","overlay-gradient":""}},"ast-content-background-meta":{"desktop":{"background-color":"var(--ast-global-color-5)","background-image":"","background-repeat":"repeat","background-position":"center center","background-size":"auto","background-attachment":"scroll","background-type":"","background-media":"","overlay-type":"","overlay-color":"","overlay-opacity":"","overlay-gradient":""},"tablet":{"background-color":"var(--ast-global-color-5)","background-image":"","background-repeat":"repeat","background-position":"center center","background-size":"auto","background-attachment":"scroll","background-type":"","background-media":"","overlay-type":"","overlay-color":"","overlay-opacity":"","overlay-gradient":""},"mobile":{"background-color":"var(--ast-global-color-5)","background-image":"","background-repeat":"repeat","background-position":"center center","background-size":"auto","background-attachment":"scroll","background-type":"","background-media":"","overlay-type":"","overlay-color":"","overlay-opacity":"","overlay-gradient":""}},"footnotes":""},"class_list":["post-30193","page","type-page","status-publish","has-post-thumbnail","hentry"],"_links":{"self":[{"href":"https:\/\/www.bitbaru.com\/site\/wp-json\/wp\/v2\/pages\/30193","targetHints":{"allow":["GET"]}}],"collection":[{"href":"https:\/\/www.bitbaru.com\/site\/wp-json\/wp\/v2\/pages"}],"about":[{"href":"https:\/\/www.bitbaru.com\/site\/wp-json\/wp\/v2\/types\/page"}],"author":[{"embeddable":true,"href":"https:\/\/www.bitbaru.com\/site\/wp-json\/wp\/v2\/users\/1"}],"replies":[{"embeddable":true,"href":"https:\/\/www.bitbaru.com\/site\/wp-json\/wp\/v2\/comments?post=30193"}],"version-history":[{"count":0,"href":"https:\/\/www.bitbaru.com\/site\/wp-json\/wp\/v2\/pages\/30193\/revisions"}],"wp:featuredmedia":[{"embeddable":true,"href":"https:\/\/www.bitbaru.com\/site\/wp-json\/wp\/v2\/media\/30198"}],"wp:attachment":[{"href":"https:\/\/www.bitbaru.com\/site\/wp-json\/wp\/v2\/media?parent=30193"}],"curies":[{"name":"wp","href":"https:\/\/api.w.org\/{rel}","templated":true}]}}