{"id":30188,"date":"2020-09-15T11:42:43","date_gmt":"2020-09-15T14:42:43","guid":{"rendered":"https:\/\/www.bitbaru.com\/site\/?page_id=30188"},"modified":"2024-02-28T08:16:51","modified_gmt":"2024-02-28T11:16:51","slug":"cabo-y-rx-tx-link-motorola","status":"publish","type":"page","link":"https:\/\/www.bitbaru.com\/site\/cabo-y-rx-tx-link-motorola\/","title":{"rendered":"Cabo Y RX TX LINK Motorola"},"content":{"rendered":"<p><img decoding=\"async\" src=\"https:\/\/www.bitbaru.com\/site\/wp-content\/uploads\/2023\/08\/cabo-y-rx-tx-link-motorola-gm300-m120-m130-em200-em400-pro5100-pro3100.jpg\" alt=\"Cabo RX TX LINK Motorola\"  \/><\/p>\n<p>Cabo para montagem de repetidoras com Link na modalidade <em>BACK TO BACK<\/em> por meio da conex\u00e3o de acess\u00f3rios dos r\u00e1dios da linha Motorola.<\/p>\n<p>Excelente para voc\u00ea que procura uma solu\u00e7\u00e3o de baixo custo para montagem de repetidores anal\u00f3gicos Motorola RX TX LINK.<\/p>\n<p>Compat\u00edvel e testado com os seguintes modelos: GM300, M120, M130, SM50, EM200, EM400, PRO5100, PRO3100 e S\u00c9RIE CDM.<\/p>\n<p>Dispensa necessidade de placa controladora, por\u00e9m n\u00e3o oferece recursos de conveni\u00eancia como Beep de cortesia, rabicho e etc.<\/p>\n<p>A configura\u00e7\u00e3o de pinagem nos transceptores Motorola dever\u00e1 seguir o padr\u00e3o:<\/p>\n<p>Pino 3 &#8211; PTT &#8211; LOW<\/p>\n<p>Pino 8 &#8211; PL\/CSQ DETECT &#8211; LOW<\/p>\n<hr \/>\n<p><a href=\"https:\/\/www.bitbaru.com\/site\/wp-content\/uploads\/2023\/11\/cabo-Y-RX-TX-LINK-Motorola-bitbaru.jpg\"><img loading=\"lazy\" decoding=\"async\" class=\"alignleft size-thumbnail wp-image-63168\" src=\"https:\/\/www.bitbaru.com\/site\/wp-content\/uploads\/2023\/11\/cabo-Y-RX-TX-LINK-Motorola-bitbaru-150x150.jpg\" alt=\"\" width=\"150\" height=\"150\" \/><\/a> <a href=\"https:\/\/www.bitbaru.com\/site\/wp-content\/uploads\/2023\/11\/cabo-Y-RX-TX-LINK-Motorola.jpg\"><img loading=\"lazy\" decoding=\"async\" class=\"alignleft size-thumbnail wp-image-63169\" src=\"https:\/\/www.bitbaru.com\/site\/wp-content\/uploads\/2023\/11\/cabo-Y-RX-TX-LINK-Motorola-150x150.jpg\" alt=\"\" width=\"150\" height=\"150\" srcset=\"https:\/\/www.bitbaru.com\/site\/wp-content\/uploads\/2023\/11\/cabo-Y-RX-TX-LINK-Motorola-150x150.jpg 150w, https:\/\/www.bitbaru.com\/site\/wp-content\/uploads\/2023\/11\/cabo-Y-RX-TX-LINK-Motorola-768x775.jpg 768w, https:\/\/www.bitbaru.com\/site\/wp-content\/uploads\/2023\/11\/cabo-Y-RX-TX-LINK-Motorola.jpg 780w\" sizes=\"auto, (max-width: 150px) 100vw, 150px\" \/><\/a><\/p>\n","protected":false},"excerpt":{"rendered":"<p>Cabo para montagem de repetidoras com Link na modalidade BACK TO BACK por meio da conex\u00e3o de acess\u00f3rios dos r\u00e1dios da linha Motorola. Excelente para voc\u00ea que procura uma solu\u00e7\u00e3o de baixo custo para montagem de repetidores anal\u00f3gicos Motorola RX TX LINK. Compat\u00edvel e testado com os seguintes modelos: GM300, M120, M130, SM50, EM200, EM400, [&hellip;]<\/p>\n","protected":false},"author":1,"featured_media":63143,"parent":0,"menu_order":0,"comment_status":"closed","ping_status":"closed","template":"","meta":{"site-sidebar-layout":"right-sidebar","site-content-layout":"default","ast-site-content-layout":"default","site-content-style":"default","site-sidebar-style":"default","ast-global-header-display":"","ast-banner-title-visibility":"","ast-main-header-display":"","ast-hfb-above-header-display":"","ast-hfb-below-header-display":"","ast-hfb-mobile-header-display":"","site-post-title":"disabled","ast-breadcrumbs-content":"","ast-featured-img":"","footer-sml-layout":"","ast-disable-related-posts":"","theme-transparent-header-meta":"default","adv-header-id-meta":"","stick-header-meta":"","header-above-stick-meta":"","header-main-stick-meta":"","header-below-stick-meta":"","astra-migrate-meta-layouts":"set","ast-page-background-enabled":"default","ast-page-background-meta":{"desktop":{"background-color":"","background-image":"","background-repeat":"repeat","background-position":"center center","background-size":"auto","background-attachment":"scroll","background-type":"","background-media":"","overlay-type":"","overlay-color":"","overlay-opacity":"","overlay-gradient":""},"tablet":{"background-color":"","background-image":"","background-repeat":"repeat","background-position":"center center","background-size":"auto","background-attachment":"scroll","background-type":"","background-media":"","overlay-type":"","overlay-color":"","overlay-opacity":"","overlay-gradient":""},"mobile":{"background-color":"","background-image":"","background-repeat":"repeat","background-position":"center center","background-size":"auto","background-attachment":"scroll","background-type":"","background-media":"","overlay-type":"","overlay-color":"","overlay-opacity":"","overlay-gradient":""}},"ast-content-background-meta":{"desktop":{"background-color":"var(--ast-global-color-5)","background-image":"","background-repeat":"repeat","background-position":"center center","background-size":"auto","background-attachment":"scroll","background-type":"","background-media":"","overlay-type":"","overlay-color":"","overlay-opacity":"","overlay-gradient":""},"tablet":{"background-color":"var(--ast-global-color-5)","background-image":"","background-repeat":"repeat","background-position":"center center","background-size":"auto","background-attachment":"scroll","background-type":"","background-media":"","overlay-type":"","overlay-color":"","overlay-opacity":"","overlay-gradient":""},"mobile":{"background-color":"var(--ast-global-color-5)","background-image":"","background-repeat":"repeat","background-position":"center center","background-size":"auto","background-attachment":"scroll","background-type":"","background-media":"","overlay-type":"","overlay-color":"","overlay-opacity":"","overlay-gradient":""}},"footnotes":""},"class_list":["post-30188","page","type-page","status-publish","has-post-thumbnail","hentry"],"_links":{"self":[{"href":"https:\/\/www.bitbaru.com\/site\/wp-json\/wp\/v2\/pages\/30188","targetHints":{"allow":["GET"]}}],"collection":[{"href":"https:\/\/www.bitbaru.com\/site\/wp-json\/wp\/v2\/pages"}],"about":[{"href":"https:\/\/www.bitbaru.com\/site\/wp-json\/wp\/v2\/types\/page"}],"author":[{"embeddable":true,"href":"https:\/\/www.bitbaru.com\/site\/wp-json\/wp\/v2\/users\/1"}],"replies":[{"embeddable":true,"href":"https:\/\/www.bitbaru.com\/site\/wp-json\/wp\/v2\/comments?post=30188"}],"version-history":[{"count":0,"href":"https:\/\/www.bitbaru.com\/site\/wp-json\/wp\/v2\/pages\/30188\/revisions"}],"wp:featuredmedia":[{"embeddable":true,"href":"https:\/\/www.bitbaru.com\/site\/wp-json\/wp\/v2\/media\/63143"}],"wp:attachment":[{"href":"https:\/\/www.bitbaru.com\/site\/wp-json\/wp\/v2\/media?parent=30188"}],"curies":[{"name":"wp","href":"https:\/\/api.w.org\/{rel}","templated":true}]}}