{"id":18520,"date":"2020-04-13T01:15:31","date_gmt":"2020-04-13T04:15:31","guid":{"rendered":"http:\/\/www.bitbaru.com\/site\/?page_id=18520"},"modified":"2020-04-13T01:24:54","modified_gmt":"2020-04-13T04:24:54","slug":"routerboard-proxys-squids-vpn-socks","status":"publish","type":"page","link":"https:\/\/www.bitbaru.com\/site\/routerboard-proxys-squids-vpn-socks\/","title":{"rendered":"Routerboard, Proxys, Squids, VPN, Socks"},"content":{"rendered":"<p>Oferecemos consultoria e servi\u00e7o de montagem e configura\u00e7\u00e3o de Proxy, Squids, VPN, Routerboards Mikrotik, IP Fire, PFSense, Servidores Linux, DHCP, Webserver, MySQL, PostgreSQL, MariaDB e etc.<\/p>\n<p>Cada empresa possui a sua particularidade e necessidades que poder\u00e3o ser atendidas com as diversas solu\u00e7\u00f5es existentes de TI.<\/p>\n<p>Entre em <a href=\"https:\/\/www.bitbaru.com\/site\/contato\/\">contato<\/a> conosco para tirar suas d\u00favidas e solicitar um or\u00e7amento!<\/p>\n","protected":false},"excerpt":{"rendered":"<p>Oferecemos consultoria e servi\u00e7o de montagem e configura\u00e7\u00e3o de Proxy, Squids, VPN, Routerboards Mikrotik, IP Fire, PFSense, Servidores Linux, DHCP, Webserver, MySQL, PostgreSQL, MariaDB e etc. Cada empresa possui a sua particularidade e necessidades que poder\u00e3o ser atendidas com as diversas solu\u00e7\u00f5es existentes de TI. Entre em contato conosco para tirar suas d\u00favidas e solicitar [&hellip;]<\/p>\n","protected":false},"author":1,"featured_media":18524,"parent":0,"menu_order":0,"comment_status":"closed","ping_status":"closed","template":"","meta":{"site-sidebar-layout":"default","site-content-layout":"default","ast-site-content-layout":"default","site-content-style":"default","site-sidebar-style":"default","ast-global-header-display":"","ast-banner-title-visibility":"","ast-main-header-display":"","ast-hfb-above-header-display":"","ast-hfb-below-header-display":"","ast-hfb-mobile-header-display":"","site-post-title":"","ast-breadcrumbs-content":"","ast-featured-img":"","footer-sml-layout":"","ast-disable-related-posts":"","theme-transparent-header-meta":"default","adv-header-id-meta":"","stick-header-meta":"","header-above-stick-meta":"","header-main-stick-meta":"","header-below-stick-meta":"","astra-migrate-meta-layouts":"default","ast-page-background-enabled":"default","ast-page-background-meta":{"desktop":{"background-color":"","background-image":"","background-repeat":"repeat","background-position":"center center","background-size":"auto","background-attachment":"scroll","background-type":"","background-media":"","overlay-type":"","overlay-color":"","overlay-opacity":"","overlay-gradient":""},"tablet":{"background-color":"","background-image":"","background-repeat":"repeat","background-position":"center center","background-size":"auto","background-attachment":"scroll","background-type":"","background-media":"","overlay-type":"","overlay-color":"","overlay-opacity":"","overlay-gradient":""},"mobile":{"background-color":"","background-image":"","background-repeat":"repeat","background-position":"center center","background-size":"auto","background-attachment":"scroll","background-type":"","background-media":"","overlay-type":"","overlay-color":"","overlay-opacity":"","overlay-gradient":""}},"ast-content-background-meta":{"desktop":{"background-color":"var(--ast-global-color-5)","background-image":"","background-repeat":"repeat","background-position":"center center","background-size":"auto","background-attachment":"scroll","background-type":"","background-media":"","overlay-type":"","overlay-color":"","overlay-opacity":"","overlay-gradient":""},"tablet":{"background-color":"var(--ast-global-color-5)","background-image":"","background-repeat":"repeat","background-position":"center center","background-size":"auto","background-attachment":"scroll","background-type":"","background-media":"","overlay-type":"","overlay-color":"","overlay-opacity":"","overlay-gradient":""},"mobile":{"background-color":"var(--ast-global-color-5)","background-image":"","background-repeat":"repeat","background-position":"center center","background-size":"auto","background-attachment":"scroll","background-type":"","background-media":"","overlay-type":"","overlay-color":"","overlay-opacity":"","overlay-gradient":""}},"footnotes":""},"class_list":["post-18520","page","type-page","status-publish","has-post-thumbnail","hentry"],"_links":{"self":[{"href":"https:\/\/www.bitbaru.com\/site\/wp-json\/wp\/v2\/pages\/18520","targetHints":{"allow":["GET"]}}],"collection":[{"href":"https:\/\/www.bitbaru.com\/site\/wp-json\/wp\/v2\/pages"}],"about":[{"href":"https:\/\/www.bitbaru.com\/site\/wp-json\/wp\/v2\/types\/page"}],"author":[{"embeddable":true,"href":"https:\/\/www.bitbaru.com\/site\/wp-json\/wp\/v2\/users\/1"}],"replies":[{"embeddable":true,"href":"https:\/\/www.bitbaru.com\/site\/wp-json\/wp\/v2\/comments?post=18520"}],"version-history":[{"count":0,"href":"https:\/\/www.bitbaru.com\/site\/wp-json\/wp\/v2\/pages\/18520\/revisions"}],"wp:featuredmedia":[{"embeddable":true,"href":"https:\/\/www.bitbaru.com\/site\/wp-json\/wp\/v2\/media\/18524"}],"wp:attachment":[{"href":"https:\/\/www.bitbaru.com\/site\/wp-json\/wp\/v2\/media?parent=18520"}],"curies":[{"name":"wp","href":"https:\/\/api.w.org\/{rel}","templated":true}]}}